, 43
Let w = -923 + 1414. What are the prime factors of w?
491
Suppose -5*m + 13563 = x, 0 = 197*m - 195*m - 8. List the prime factors of x.
29, 467
Let x(g) be the first derivative of 3*g**3 - 3 - 4*g - 10*g - g**2 + 19*g - 3*g. List the prime factors of x(-3).
89
Let o(w) = 314*w**2 - 36. Let f be o(-6). Suppose 27*m = f + 29097. What are the prime factors of m?
5, 13, 23
Let s(i) = -428*i - 1994. List the prime factors of s(-34).
2, 3, 7, 13, 23
Let a(h) = -29*h + 10. Let m = -65 - -59. List the prime factors of a(m).
2, 23
Suppose 3*p - 6 = 0, 0 = -5*c + 25*p - 22*p - 2151. List the prime factors of (-4)/10*(c - (-6 - 3)).
2, 3, 7
Let n(m) = -17*m + 3*m**3 - 5*m - 17*m**2 - 19 + 23*m. List the prime factors of n(7).
2, 23
Let z(h) = 4325*h**3 - 2*h**2 - 8*h + 8. List the prime factors of z(1).
3, 11, 131
Suppose 4*w - 3*p - 88 = p, -4*p - 70 = -3*w. Suppose x = 28 - w. Suppose 0 = 3*v - 217 + x. List the prime factors of v.
3, 23
Let a = 104 + -99. Suppose w - a*r = -2*w + 334, 122 = w + r. Suppose -b + w = -0*b - 3*o, 5*b - 510 = -o. What are the prime factors of b?
103
Suppose 2*x + 2*v - 306 = 0, 3*x = 2*v + 101 + 363. Suppose -3*f + f + 2*o - x = 0, -81 = f + 3*o. Let j = f + 195. What are the prime factors of j?
3, 13
Let k be (-49)/28*-4 + -5. Suppose 0 = 4*r - p - 3362, -r + 2*p + 2524 = k*r. What are the prime factors of r?
2, 3, 5, 7
Let r(y) = 3*y**2 + 24*y - 293. Let u be r(24). Let x = u + -1080. What are the prime factors of x?
7, 19
Let f(i) = -i**3 - 28*i**2 + 28*i + 49. Let s be f(-33). Let j = s + -2951. List the prime factors of j.
1619
Suppose -5*w = 2*q + 9313 - 34593, 4*w - 50536 = -4*q. List the prime factors of q.
2, 3, 5, 421
Let t(n) be the third derivative of n**4/3 + 23*n**3/3 - 50*n**2. What are the prime factors of t(7)?
2, 3, 17
Suppose -38*r - 4515243 - 966992 = -417*r. List the prime factors of r.
5, 11, 263
Let n(k) = 30 - 18 - 4*k + 5*k. Let f be n(-10). Suppose f*u = -u + 129. List the prime factors of u.
43
Let h = 96 - 92. Suppose 19 = 3*j - h*i - 10, -5*j - 10 = 5*i. Suppose j*t - 9*t + 1254 = 0. What are the prime factors of t?
11, 19
List the prime factors of (12/20)/(93/310)*18229.
2, 18229
Suppose 3*c + 43954 = -4*x + 116785, -3*x + 3*c + 54639 = 0. List the prime factors of x.
2, 3, 5, 607
Let d(j) = -j**3 + 5*j**2 + 22*j - 35. Let h be d(7). Suppose h*f - 923 = 8*f. What are the prime factors of f?
71
Let w be (-8)/14*217/(-62). Suppose w*l + 431 = o + l, o + 4*l = 431. List the prime factors of o.
431
Let k(j) = -2*j**3 - 15*j**2 - 6*j + 3. Let a be 1*3/(-3) - 6. Let n be k(a). Let v(r) = -3*r + 9. List the prime factors of v(n).
3, 7
Let l = 1047 + 7934. List the prime factors of l.
7, 1283
Let l be 2/(((-4)/(-12)*3)/2). Suppose -3*j - l*j + 77 = 0. What are the prime factors of 24/(-4) + j + 8/2?
3
Let z(q) = -69*q**3 + 3*q**2 + 12*q + 16. Suppose 3*o = -v + 4, -2*v - 3*o = v. List the prime factors of z(v).
2, 139
Let a(o) = 12*o**2 + 45*o - 103. What are the prime factors of a(-24)?
17, 337
Let a(q) = -79*q - 3. Let s(h) = 4*h + 11. Let y be s(-3). Let t be a(y). Suppose -5*n = -2*z + 52, -4*z + t = -n + 5*n. List the prime factors of z.
3, 7
Suppose -19*x = 3186 + 1089. Let v = -913 + 517. Let j = x - v. What are the prime factors of j?
3, 19
Suppose -183*u = -157*u - 100828. What are the prime factors of u?
2, 7, 277
Suppose -u - 1283 = -9635. Suppose 5*a + u = 9*a. Suppose 36*w - 27*w - a = 0. List the prime factors of w.
2, 29
Let v(z) = 7*z**3 - 2*z**2 + 4*z + 2. Let y(m) = 35*m**3 - 11*m**2 + 19*m + 10. Let s(d) = -11*v(d) + 2*y(d). What are the prime factors of s(-3)?
5, 41
What are the prime factors of (-8)/(2 + 0) - (-9 + 39736/(-4))?
3, 3313
Suppose 0 = 2*b - 2*j - 38496, -5*j - 18802 = 3*b - 76506. What are the prime factors of b?
7, 2749
Let b = -11707 - -17366. List the prime factors of b.
5659
Let z(o) = -2*o**2 + 14*o - 18. Let m be z(8). Let c = m - -34. Suppose c = -4*i - 6*g + 3*g + 337, 166 = 2*i + 2*g. What are the prime factors of i?
2, 11
Let i be 3*12/9 + -2. Suppose -s = -3*a + 19, -2*a - i*s = 3 - 21. Suppose -3*c - 2*f + 507 = -a*f, 0 = c - 2*f - 169. List the prime factors of c.
13
Let u(v) = 20*v**3 + 43*v + 93. List the prime factors of u(8).
3, 3559
Let v = 9 - -3. Suppose -v*w = -245 - 463. Suppose 4*h = -w + 347. What are the prime factors of h?
2, 3
Let k(x) = 33*x**2 - 6*x + 2. Let l be k(-2). Let s(f) = -8*f + l + f + 6*f. List the prime factors of s(0).
2, 73
Let m = -89 + 283. Suppose -2*b = -b + 91. Let c = m + b. What are the prime factors of c?
103
Let m(d) be the second derivative of -2*d**5/5 + 5*d**4/12 + 3*d**3/2 - 5*d**2/2 + 23*d. What are the prime factors of m(-3)?
229
What are the prime factors of (-1 + -1)/10*(-18831 + 96)?
3, 1249
Suppose 5*s + 112 + 231 = 2*m, 0 = -5*s + 3*m - 342. Let c = s + 1141. What are the prime factors of c?
2, 67
Let j be (-3 - 3/6)*270/(-105). Suppose -76 = j*c - 11*c - 2*z, -119 = -3*c + 2*z. What are the prime factors of c?
3, 13
Let t(m) be the second derivative of -31*m**5/20 - m**4/12 + m**3/2 - m**2 - 7*m. Let k be t(1). Let u = k + 106. What are the prime factors of u?
3, 5
List the prime factors of (921 - (2 - 14)) + -5.
2, 29
Let q be (-6 - -10) + 4/(8/1194). Suppose 4*d - 5*n = q, 5*d + 198 - 923 = n. What are the prime factors of d?
2, 3
List the prime factors of 11710*-3*(-10)/60.
5, 1171
Suppose p = -2*l + 121, -4*l - 10*p + 15*p = -263. What are the prime factors of -5 - (-4 - l*172/8)?
2, 3, 37
Let a(g) = -g**2 + 8*g - 5. Let m be a(7). Suppose m = r - 2. Suppose 2*n - 160 = -3*n + r*u, -4*n + 4*u = -132. List the prime factors of n.
2, 7
Let x(i) be the second derivative of i**6/720 - i**5/60 + 35*i**4/12 - 9*i. Let b(p) be the third derivative of x(p). What are the prime factors of b(8)?
2, 3
Let c(q) = -7*q**3 - q**2 - 19*q + 43*q - 22*q - 2. What are the prime factors of c(-3)?
2, 43
Let h be (-1)/3*-6 + -1. Let o(q) = 455*q**2 - 4*q + 2. List the prime factors of o(h).
3, 151
Let z be 2/(-4) - (-5)/(-10). Let o(a) = 197*a**2 + 20*a + 4. Let r(v) = 99*v**2 + 9*v + 2. Let i(f) = -4*o(f) + 9*r(f). What are the prime factors of i(z)?
2, 13
Suppose -5*b + 243 = 4*y, 88 = -3*b + 5*b - 3*y. Let z = 126 + b. List the prime factors of z.
173
Suppose -382*l + 739*l = 373*l - 398656. List the prime factors of l.
2, 6229
Let n be 1928/24 + (2/3 - 1). Suppose -n = -6*z + 790. Suppose 17 - z = -m. What are the prime factors of m?
2
Suppose 0 = 2*q - x + 6*x - 3161, -3*x + 6315 = 4*q. Suppose 2*o = -2*g + q, 0 = 3*o - 5*g + 575 - 2942. List the prime factors of o.
3, 263
Let l(y) = 42*y**2 - 110*y - 3434. What are the prime factors of l(-34)?
2, 3, 17, 479
What are the prime factors of (-19)/((-228)/12480) - (-1 - 6)?
3, 349
Let f be (54/(-4))/(90/(-23880)). Suppose 46*h - 44*h - f = 0. List the prime factors of h.
3, 199
Suppose 0 = 3*x - 6, -3*f + 2*x = -8*f + 4. Suppose f = -8*h - 2*h - 690. Let l = -28 - h. List the prime factors of l.
41
Let b = 248393 - 174383. List the prime factors of b.
2, 3, 5, 2467
Let h be 4/44 + 2484/(-99). Let x = -24 - h. What are the prime factors of 12/24*146/x?
73
Suppose 2*i = -1192 + 816. Let q = 210 + i. What are the prime factors of q?
2, 11
Let l be ((-21)/10 - (-2)/(-5))*-2. Suppose -3*x - l = -14. Suppose 4*b = 2*r + 2*b - 230, 3*b + x = 0. List the prime factors of r.
2, 3, 19
Let i(x) = -5*x**2 - 12*x**2 - 8*x + 15 - 2*x + 28*x**2 - x**3. Suppose 2*f + 50 = 7*f. List the prime factors of i(f).
3, 5
Let m(x) = -x**3 + 5*x**2 - 6*x - 8. Suppose -2*d + d = 5*z - 26, -d = 3*z - 18. Let k be m(d). Let c = 135 + k. List the prime factors of c.
5, 11
Let n(b) = b**3 + 6*b**2 - 6*b + 7. Let r(l) = -l**3 + l - 7. Let a be r(0). Let f be n(a). Suppose f = -8*j + 3*j + 180. What are the prime factors of j?
2, 3
Suppose -5*h = 350 - 1855. Suppose -9*k + 320 = -h. List the prime factors of k.
3, 23
Suppose 2260 = -56*a + 58*a + b, -3*a - 2*b + 3388 = 0. Let f = a - 330. List the prime factors of f.
2, 401
Let a = 359 - 350. Suppose -a*b + 6900 = 3*b. List the prime factors of b.
5, 23
Suppose 22*m - 2*d + 11239 = 23*m, m = -3*d + 11233. List the prime factors of m.
11251
Let i(t) be the second derivative of -4*t**3/3 - t**2/2 + 14*t. Let v be i(-1). Suppose -5 = -v*r + 114. L